4*m + 2048 = -4*u. Let v = 11 - u. Is v prime?
True
Let x be (19/4 - (-2)/8) + -2. Suppose 2*z + 157 - 3466 = -3*b, -4*z = -x*b - 6609. Let f = -1112 + z. Is f a composite number?
False
Let r be (-10)/(-19 - 11) + 13/(-3). Is (-2)/r - (-211940)/8 a composite number?
True
Let c(i) = -4151*i + 563. Is c(-70) a prime number?
False
Let k = 2332 - -1701. Suppose 4*p + 8076 = 4*v, 5*v - 3*p + k = 7*v. Is v prime?
False
Suppose -1477 = -3*x + 2324. Let a = x + -86. Is a a composite number?
False
Let l(p) = p**3 - 5*p**2 + 6*p - 5. Let j be l(4). Suppose j*a + 2289 = 2*u - 1030, u - 3*a - 1661 = 0. Is u a prime number?
False
Let h(g) = -8538*g - 1955. Is h(-4) composite?
True
Let c(o) = 2*o**2 - 4*o + 20299. Is c(0) prime?
False
Let x = -775 + 829. Is 532 + x/(-6) - 2 a composite number?
False
Let j be (-582375)/(-5) - ((0 - 1) + -4). Is (-1)/(-6)*-2 + j/42 a composite number?
True
Let n = -21952 + 42323. Is n prime?
False
Let x be 21135 + (-4)/((-12)/6). Let n = x - 14722. Is n a composite number?
True
Let v(b) = 125480*b + 1631. Is v(3) a composite number?
False
Suppose 59 = -25*t - 1091. Let h(z) = 7*z**2 - 308*z - 17. Is h(t) a composite number?
True
Let k = 100286 + -32947. Is k a composite number?
False
Suppose 0 = r - 16 + 4. Suppose 4*u = -2*c + 1362, 3*c + u = -582 + 2630. Let y = c - r. Is y a prime number?
False
Let y(d) = 5*d - 24. Let p be y(9). Suppose -p = -3*a - 6. Is 6 - 2 - -1*(a + 362) a composite number?
True
Let b(u) = 4*u - 8. Let y be b(4). Suppose -f + 5*j - 2 = y, 2*j - 4 = -f. Suppose -a = 0, f*a + 2*a = 3*d - 3747. Is d composite?
False
Suppose b = 4*c - 1349945, -c + 26*b = 25*b - 337484. Is c a composite number?
False
Let q = -360 + 368. Is (-8 - -7) + 11226 - q composite?
True
Let y be ((-2)/(-2))/1 - -37. Suppose 8*b = y + 10. Suppose -b*a + 2661 = -3*a. Is a composite?
False
Let v(j) = 4*j**3 - 2*j**2 + 3*j + 3. Let f be v(-2). Let d = 299 - 271. Let u = d - f. Is u a prime number?
True
Let u = -20715 - -69172. Is u prime?
False
Let s(g) = 113916*g**3 - g**2 + 27*g - 27. Is s(1) prime?
False
Let s(o) = 0*o + 92 - 87 + o**2 - 5*o. Let b be s(5). Suppose -2*i = b*r - 93, 0 = i - 0*r + 4*r - 54. Is i prime?
False
Suppose -y - 699 = 4*l + 707, -5*y + l - 7072 = 0. Let f = y + 4983. Is f prime?
False
Suppose 2*u = -5*q + 11, -3 - 5 = -2*u - 2*q. Suppose -2*g + 2729 = -g + 5*a, 5510 = 2*g - u*a. Is g prime?
True
Let m = -203 - 829. Let t = m - -3459. Is t a prime number?
False
Suppose -36*h = -14*h - 308. Is (-20449)/h*-2 + (-14)/49 a prime number?
False
Let o = -4995 + 16094. Is o composite?
True
Let m be (-14792)/(-12)*(-3)/(-2) - -4. Let g = -1296 + m. Is g prime?
True
Let u be (-264359)/(-9) + -1 + 28/36. Suppose -22*k + 4001 + u = 0. Is k composite?
True
Let d(m) = m**3 + 22*m**2 + 33*m + 23. Let t(x) = -x**2 + 18*x - 22. Let b(n) = -n - 1. Let p(j) = -2*b(j) + t(j). Let v be p(20). Is d(v) a composite number?
False
Suppose 3*j - 4*q - 22345 = 0, -3*q - 104308 = -3*j - 11*j. Is j a composite number?
False
Let t = -19 - -20. Is t*417*(4 + 22/(-6)) a composite number?
False
Let z be ((-7)/2 - -4)*-66. Let t = 90 + 32. Let i = z + t. Is i a composite number?
False
Let f(s) = -s**2 + s + 8723. Let v be f(0). Suppose -6*x + 7735 = -v. Is x a prime number?
False
Let o(d) = -1012*d + 481. Is o(-16) a prime number?
True
Suppose 0 = 2*d - 3*c + 12, -4*d + 5*c = 5 + 23. Is (-7 - d/6) + 7836 prime?
False
Suppose 30*f - 25*f = 10. Suppose l - f = 2*l. Is (-371)/l - (25/10 + -4) a composite number?
True
Suppose -3*j = -5*s + j + 35, -j = 5. Suppose 4*p - 3*d = 6008, -4*p + 2*d = -s*p - 1507. Is p composite?
False
Let z(m) = 824*m**2 - 57*m + 65. Is z(16) a prime number?
True
Let h(p) = 170966*p**2 + 107*p - 102. Is h(1) composite?
False
Suppose 2*d + 2*b + 4 = 0, d - 4*b = -0*d + 23. Let z be (-3)/5*(-4 + (-3)/d). Suppose 3771 = 3*v + 4*g, -v = 5*g - z*g - 1259. Is v a prime number?
False
Suppose -275 + 926 = 7*q. Suppose -1412 - q = -5*r. Suppose -11*j + 9808 = -r. Is j a prime number?
True
Let c = 12 - 8. Suppose -c*f + p + 11398 = -p, 2*f - 2*p = 5702. Suppose 2*u = -d + 3156, 10749 = 5*u - 3*d + f. Is u prime?
True
Let b(r) = -2489*r**3 + 9*r**2 + 7*r - 39. Is b(-4) a composite number?
True
Suppose -3*k = -5*m + 13, 0 = 4*m + k - 0*k - 7. Let d be 3/(15/2798)*5/m. Let r = -414 + d. Is r prime?
False
Let w be (1/(-5)*-52)/((-224)/(-1120)). Is 4 - ((-8)/w + 28592/(-52)) composite?
True
Suppose -2*y + 5*w - 7 + 8 = 0, 4*y - 26 = 2*w. Suppose -4*h = y, -6*r + h + 2*h = -28452. Is r a composite number?
True
Let u be -2 + (-28)/(-13) - 8/52. Suppose -10*j + 10250 + 3200 = u. Is j a composite number?
True
Suppose 0 = 4*y + 8, 2 = 3*a + 5*y - 6*y. Suppose a = -w - 21*w + 8646. Is w composite?
True
Suppose -24520870 = -346*g + 82400396. Is g a prime number?
False
Suppose -14112 = 35*u - 58645 - 25012. Is u prime?
True
Suppose -5*b - 2*f = -23267, 10501 - 1217 = 2*b - 3*f. Suppose 1138 + 454 = 4*s. Let l = b - s. Is l prime?
True
Let t(l) = 408*l**3 + 31*l**2 - 99*l + 11. Is t(12) a composite number?
False
Let u be (-2)/(-6) - (-28)/6. Let k be ((-66)/(-55))/(3*5/100). Suppose k*m = 7*m - 2*z + 666, u*z = -5*m + 3320. Is m a prime number?
False
Let k(i) = 707*i**2 - 2*i + 23. Let d be k(4). Let u = 23110 - d. Is u composite?
False
Let n(w) = 227*w**2 + 6*w + 144. Is n(-13) a composite number?
True
Let b be 19/(-95) + (-52)/(-10). Let p be 0 + (1/2 - 2/4). Suppose -5*j + d + 5960 = p, 2*j + b*d - 3604 = -j. Is j composite?
False
Suppose -5*t - 5*t = -12*t. Suppose 0*g + 2*g + g = t. Suppose g = 3*w - r - 2724, -5*w + 5481 - 949 = r. Is w composite?
False
Suppose -48*k - 51 = -49*k. Let w = 1006 - k. Is w a composite number?
True
Is ((-210)/20 - -9)/((-3)/617810) prime?
False
Let w be 11/(-33) - 74/(-6). Let c be (-1)/2*(-16)/w*12. Suppose -9*y + c*y = -629. Is y a composite number?
True
Let q(s) = -267801*s + 1231. Is q(-6) composite?
False
Let y(l) = 75*l + 181. Let i be y(25). Let j = i + -1169. Is j a composite number?
False
Is 8147665/135 - 8/108 composite?
False
Let l(c) be the first derivative of -60*c**2 + 23*c + 7. Let a be l(-11). Suppose -154 - a = -3*r. Is r prime?
True
Let x = 40 + -37. Suppose 22 = 5*n - 0*k - x*k, 5*n = 4*k + 26. Suppose 0 = -n*y + 55 + 541. Is y prime?
False
Let n = -836 + 847. Suppose 0 = n*l - 10*l - v - 25519, 5*v + 25503 = l. Is l prime?
True
Suppose -5*c - 2*w + 44301 = 0, c - w - 9969 + 1113 = 0. Is c prime?
False
Let t(r) be the first derivative of -335*r**2/2 + 28*r - 1. Suppose 7*k = -m - 44, -5*k - 53 = 5*m - 13. Is t(k) a composite number?
True
Suppose 12*o - 74 = 46. Is -2 + (-49)/(-35) + 11236/o composite?
False
Let k = 1464 - -869. Is k a composite number?
False
Suppose -11 = -w + 3*w - 5*c, -c + 5 = w. Let h = -117 + 128. Suppose h*d - 14607 = w*d. Is d a composite number?
True
Let t = 945 - 4245. Let f = 1939 + t. Let d = f - -2280. Is d a composite number?
False
Let v = 382836 - 226034. Is v a composite number?
True
Suppose 4*g = 5*k - 1024, 4*k + 44 = -2*g - 468. Is 24 + -16 - (g - 1) a composite number?
True
Let n(l) = 3*l**2 - 20*l + 24. Suppose -f - 4*f + 3*f = 0. Suppose o + 2*t + 25 = 0, f = -o + 8*t - 5*t - 5. Is n(o) composite?
False
Let v be (-22 + 26)/(2/3). Suppose v*z = -0*z + 13458. Is z prime?
True
Suppose -51*h + 28816024 - 12218188 = -18247863. Is h composite?
True
Suppose 4*y + 5 = c + 18, 15 = -5*y - 5*c. Suppose 3*p = 4*p + y. Is p - 1/2*(-1 + -65) a prime number?
True
Suppose 13770059 = -m + 63*m - 3405119. Is m a composite number?
True
Suppose 3*c = 4*g - 6*g - 2801, 5*g - 911 = c. Let n = c - -1712. Is n a prime number?
False
Suppose n + 2921945 = 5*i, 5*i - 254*n = -250*n + 2921945. Is i prime?
False
Let j = -72 + 77. Let m be (3*586/j)/(12/160). Suppose -3*p = 5*k - m, 0*k + 7806 = 5*p + k. Is p prime?
False
Is ((-121633498)/(-344))/((-7)/(-4)) composite?
False
Suppose -2*d + 3*d = -3*k + 16621, 2*d + 11070 = 2*k. Let a be (k + (6 - 2))/1. Let m = -3300 + a. Is m prime?
True
Let b(g) be the third derivative of g**4/24 + 2927*g**3/6 + 8*g**2. Is b(0) a composite number?
False
Let h(f) = 308956*f**2 + 95*f - 94. Is h(1) prime?
False
Is 71078/(-21)*-111*-2*3/(-12) a prime number?
False
Let z(q) = -3*q - 3*q + 0*q + 1 + 3*q. Let v be z(0). Is 27*(-20)/(-6) + v*-3 a co